{"id":4957,"date":"2020-02-11T16:30:46","date_gmt":"2020-02-11T15:30:46","guid":{"rendered":"http:\/\/multisite.narcotics-anonymous.de\/west\/?page_id=4957"},"modified":"2024-07-01T22:23:58","modified_gmt":"2024-07-01T20:23:58","slug":"newsletter-abonnieren","status":"publish","type":"page","link":"https:\/\/narcotics-anonymous.de\/west\/newsletter-abonnieren\/","title":{"rendered":"Newsletter abonnieren"},"content":{"rendered":"<div id='av_section_1'  class='avia-section av-301sg9-96b2a6dad8c1e69e3b23127c5a6dbf71 main_color avia-section-small avia-no-border-styling  avia-builder-el-0  el_before_av_section  avia-builder-el-first  avia-bg-style-scroll container_wrap fullsize'  ><div class='container av-section-cont-open' ><main  role=\"main\" itemprop=\"mainContentOfPage\"  class='template-page content  av-content-full alpha units'><div class='post-entry post-entry-type-page post-entry-4957'><div class='entry-content-wrapper clearfix'>\n<\/div><\/div><\/main><!-- close content main element --><\/div><\/div><div id='av_section_2'  class='avia-section av-2uv3rt-3e63fcf606e86f281c82839b6e7c320d main_color avia-section-small avia-no-border-styling  avia-builder-el-1  el_after_av_section  el_before_av_hr  avia-bg-style-scroll container_wrap fullsize'  ><div class='container av-section-cont-open' ><div class='template-page content  av-content-full alpha units'><div class='post-entry post-entry-type-page post-entry-4957'><div class='entry-content-wrapper clearfix'><\/div><\/div><\/div><!-- close content main div --><\/div><\/div><div id='after_section_2'  class='main_color av_default_container_wrap container_wrap fullsize'  ><div class='container av-section-cont-open' ><div class='template-page content  av-content-full alpha units'><div class='post-entry post-entry-type-page post-entry-4957'><div class='entry-content-wrapper clearfix'>\n<div class='flex_column_table av-cxdavd-fae96d0c1245b83cde06bfad26ac58a2 sc-av_one_full av-equal-height-column-flextable'>\n<style type=\"text\/css\" data-created_by=\"avia_inline_auto\" id=\"style-css-av-cxdavd-fae96d0c1245b83cde06bfad26ac58a2\">\n#top .flex_column_table.av-equal-height-column-flextable.av-cxdavd-fae96d0c1245b83cde06bfad26ac58a2{\nmargin-top:0px;\nmargin-bottom:0px;\n}\n.flex_column.av-cxdavd-fae96d0c1245b83cde06bfad26ac58a2{\nborder-width:3px;\nborder-style:solid;\nborder-radius:0px 0px 0px 0px;\npadding:10px 10px 10px 10px;\n}\n<\/style>\n<div  class='flex_column av-cxdavd-fae96d0c1245b83cde06bfad26ac58a2 av_one_full  avia-builder-el-2  el_before_av_one_full  avia-builder-el-first  first flex_column_table_cell av-equal-height-column av-align-top av-animated-generic left-to-right  '     ><style type=\"text\/css\" data-created_by=\"avia_inline_auto\" id=\"style-css-av-32jnpp-f5ca321c1e48a4373f2bdf1ccb2fb8d6\">\n#top .av-special-heading.av-32jnpp-f5ca321c1e48a4373f2bdf1ccb2fb8d6{\nmargin:0 0 0 0;\npadding-bottom:10px;\ncolor:#132655;\nfont-size:24px;\n}\nbody .av-special-heading.av-32jnpp-f5ca321c1e48a4373f2bdf1ccb2fb8d6 .av-special-heading-tag .heading-char{\nfont-size:25px;\n}\n#top #wrap_all .av-special-heading.av-32jnpp-f5ca321c1e48a4373f2bdf1ccb2fb8d6 .av-special-heading-tag{\nfont-size:24px;\n}\n.av-special-heading.av-32jnpp-f5ca321c1e48a4373f2bdf1ccb2fb8d6 .special-heading-inner-border{\nborder-color:#132655;\n}\n.av-special-heading.av-32jnpp-f5ca321c1e48a4373f2bdf1ccb2fb8d6 .av-subheading{\nfont-size:15px;\n}\n\n@media only screen and (min-width: 768px) and (max-width: 989px){ \n#top #wrap_all .av-special-heading.av-32jnpp-f5ca321c1e48a4373f2bdf1ccb2fb8d6 .av-special-heading-tag{\nfont-size:28px;\n}\n.av-special-heading.av-32jnpp-f5ca321c1e48a4373f2bdf1ccb2fb8d6 .av-subheading{\nfont-size:20px;\n}\n}\n\n@media only screen and (min-width: 480px) and (max-width: 767px){ \n#top #wrap_all .av-special-heading.av-32jnpp-f5ca321c1e48a4373f2bdf1ccb2fb8d6 .av-special-heading-tag{\nfont-size:24px;\n}\n.av-special-heading.av-32jnpp-f5ca321c1e48a4373f2bdf1ccb2fb8d6 .av-subheading{\nfont-size:16px;\n}\n}\n\n@media only screen and (max-width: 479px){ \n#top #wrap_all .av-special-heading.av-32jnpp-f5ca321c1e48a4373f2bdf1ccb2fb8d6 .av-special-heading-tag{\nfont-size:20px;\n}\n.av-special-heading.av-32jnpp-f5ca321c1e48a4373f2bdf1ccb2fb8d6 .av-subheading{\nfont-size:12px;\n}\n}\n<\/style>\n<div  id=\"headline_second_level\"  class='av-special-heading av-32jnpp-f5ca321c1e48a4373f2bdf1ccb2fb8d6 av-special-heading-h3 custom-color-heading blockquote modern-quote modern-centered  avia-builder-el-3  avia-builder-el-no-sibling  av-inherit-size'><h3 class='av-special-heading-tag '  itemprop=\"headline\"  >Erhalte unseren Newsletter<\/h3><div class=\"special-heading-border\"><div class=\"special-heading-inner-border\"><\/div><\/div><\/div><\/div><\/div><!--close column table wrapper. Autoclose: 1 --><div class='flex_column_table av-2msyh9-5e9b60161cd9e68d06a901a2829d8c3a sc-av_one_full av-equal-height-column-flextable'>\n<style type=\"text\/css\" data-created_by=\"avia_inline_auto\" id=\"style-css-av-2msyh9-5e9b60161cd9e68d06a901a2829d8c3a\">\n#top .flex_column_table.av-equal-height-column-flextable.av-2msyh9-5e9b60161cd9e68d06a901a2829d8c3a{\nmargin-top:0px;\nmargin-bottom:0px;\n}\n.flex_column.av-2msyh9-5e9b60161cd9e68d06a901a2829d8c3a{\nborder-width:3px;\nborder-style:solid;\nborder-radius:0px 0px 0px 0px;\npadding:10px 10px 10px 10px;\n}\n<\/style>\n<div  class='flex_column av-2msyh9-5e9b60161cd9e68d06a901a2829d8c3a av_one_full  avia-builder-el-4  el_after_av_one_full  avia-builder-el-last  first flex_column_table_cell av-equal-height-column av-align-top av-animated-generic left-to-right  column-top-margin'     ><style type=\"text\/css\" data-created_by=\"avia_inline_auto\" id=\"style-css-av-l7hu6rmj-12da79c9e4e14c93de4de31d53257cfe\">\n#top .av_textblock_section.av-l7hu6rmj-12da79c9e4e14c93de4de31d53257cfe .avia_textblock{\nfont-size:22px;\ntext-align:center;\n}\n<\/style>\n<section  class='av_textblock_section av-l7hu6rmj-12da79c9e4e14c93de4de31d53257cfe '   itemscope=\"itemscope\" itemtype=\"https:\/\/schema.org\/CreativeWork\" ><div class='avia_textblock'  itemprop=\"text\" ><p style=\"text-align: center;\">Wir versenden in unregelm\u00e4\u00dfigen Abst\u00e4nden E-Mails mit Informationen zu Meetings und wichtigen Themen des Gebiets West.<\/p>\n<p style=\"text-align: center;\">Wenn du ein Mitglied bist dann w\u00e4hle bitte den allgemeinen Newsletter \u201eGebiet West\u201c aus. Wenn du einer \u00f6ffentlichen Institution angeh\u00f6rst w\u00e4hle am besten den Newsletter \u201e\u00d6ffentlichkeitsarbeit\u201c aus.<\/p>\n<\/div><\/section><\/div><\/div><!--close column table wrapper. Autoclose: 1 -->\n\n\n<style type=\"text\/css\" data-created_by=\"avia_inline_auto\" id=\"style-css-av-l7hud4x1-4d7ba116ee504ee938ae330eef238174\">\n#top .hr.hr-invisible.av-l7hud4x1-4d7ba116ee504ee938ae330eef238174{\nheight:30px;\n}\n<\/style>\n<div  class='hr av-l7hud4x1-4d7ba116ee504ee938ae330eef238174 hr-invisible  avia-builder-el-6  el_after_av_section  el_before_av_section  avia-builder-el-no-sibling '><span class='hr-inner '><span class=\"hr-inner-style\"><\/span><\/span><\/div>\n<\/div><\/div><\/div><!-- close content main div --><\/div><div class='av-extra-border-element border-extra-diagonal border-extra-diagonal-inverse '><div class='av-extra-border-outer'><div class='av-extra-border-inner'><\/div><\/div><\/div><\/div><div id='av_section_3'  class='avia-section av-2uv3rt-3-53a5751f67f559b879ebd1e185f5537f main_color avia-section-small avia-no-border-styling  avia-builder-el-7  el_after_av_hr  el_before_av_hr  avia-bg-style-scroll container_wrap fullsize'  ><div class='container av-section-cont-open' ><div class='template-page content  av-content-full alpha units'><div class='post-entry post-entry-type-page post-entry-4957'><div class='entry-content-wrapper clearfix'>\n<div class='flex_column_table av-21oxd9-191a89746769c810e0f9862fc1314392 sc-av_one_half av-equal-height-column-flextable'>\n<style type=\"text\/css\" data-created_by=\"avia_inline_auto\" id=\"style-css-av-21oxd9-191a89746769c810e0f9862fc1314392\">\n#top .flex_column_table.av-equal-height-column-flextable.av-21oxd9-191a89746769c810e0f9862fc1314392{\nmargin-top:0px;\nmargin-bottom:0px;\n}\n.flex_column.av-21oxd9-191a89746769c810e0f9862fc1314392{\nborder-width:3px;\nborder-style:solid;\nborder-radius:0px 0px 0px 0px;\npadding:10px 10px 10px 10px;\n}\n<\/style>\n<div  class='flex_column av-21oxd9-191a89746769c810e0f9862fc1314392 av_one_half  avia-builder-el-8  el_before_av_one_half  avia-builder-el-first  first flex_column_table_cell av-equal-height-column av-align-top av-animated-generic left-to-right  '     ><p>\n<style type=\"text\/css\" data-created_by=\"avia_inline_auto\" id=\"style-css-av-l75zwgss-4c19af21c546995fd39006ab6e98a3e8\">\n#top .av-special-heading.av-l75zwgss-4c19af21c546995fd39006ab6e98a3e8{\nmargin:0 0 0 0;\npadding-bottom:10px;\ncolor:#132655;\nfont-size:24px;\n}\nbody .av-special-heading.av-l75zwgss-4c19af21c546995fd39006ab6e98a3e8 .av-special-heading-tag .heading-char{\nfont-size:25px;\n}\n#top #wrap_all .av-special-heading.av-l75zwgss-4c19af21c546995fd39006ab6e98a3e8 .av-special-heading-tag{\nfont-size:24px;\n}\n.av-special-heading.av-l75zwgss-4c19af21c546995fd39006ab6e98a3e8 .special-heading-inner-border{\nborder-color:#132655;\n}\n.av-special-heading.av-l75zwgss-4c19af21c546995fd39006ab6e98a3e8 .av-subheading{\nfont-size:24px;\n}\n\n@media only screen and (min-width: 768px) and (max-width: 989px){ \n#top #wrap_all .av-special-heading.av-l75zwgss-4c19af21c546995fd39006ab6e98a3e8 .av-special-heading-tag{\nfont-size:28px;\n}\n.av-special-heading.av-l75zwgss-4c19af21c546995fd39006ab6e98a3e8 .av-subheading{\nfont-size:20px;\n}\n}\n\n@media only screen and (min-width: 480px) and (max-width: 767px){ \n#top #wrap_all .av-special-heading.av-l75zwgss-4c19af21c546995fd39006ab6e98a3e8 .av-special-heading-tag{\nfont-size:24px;\n}\n.av-special-heading.av-l75zwgss-4c19af21c546995fd39006ab6e98a3e8 .av-subheading{\nfont-size:16px;\n}\n}\n\n@media only screen and (max-width: 479px){ \n#top #wrap_all .av-special-heading.av-l75zwgss-4c19af21c546995fd39006ab6e98a3e8 .av-special-heading-tag{\nfont-size:20px;\n}\n.av-special-heading.av-l75zwgss-4c19af21c546995fd39006ab6e98a3e8 .av-subheading{\nfont-size:12px;\n}\n}\n<\/style>\n<div  id=\"headline_second_level\"  class='av-special-heading av-l75zwgss-4c19af21c546995fd39006ab6e98a3e8 av-special-heading-h4 custom-color-heading blockquote modern-quote modern-centered  avia-builder-el-9  el_before_av_textblock  avia-builder-el-first  av-inherit-size'><h4 class='av-special-heading-tag '  itemprop=\"headline\"  >Allgemeiner Newsletter Gebiet West<\/h4><div class=\"special-heading-border\"><div class=\"special-heading-inner-border\"><\/div><\/div><\/div><br \/>\n<section  class='av_textblock_section av-l7603e74-feb75337f62a806330a4f59f44cbad0e '   itemscope=\"itemscope\" itemtype=\"https:\/\/schema.org\/CreativeWork\" ><div class='avia_textblock'  itemprop=\"text\" ><p style=\"text-align: center;\">Der Newsletter versorgt euch mit allen wichtigen Infos zum Gebiet West mit Terminen f\u00fcr die Gebiets Service Konferenz (GSK), den Protokollen und Berichten oder anderen Themen rund um das Gebiet.<\/p>\n<\/div><\/section><br \/>\n<div  class='avia-button-wrap avia-button-center  avia-builder-el-11  el_after_av_textblock  avia-builder-el-last '>\n<style type=\"text\/css\" data-created_by=\"avia_inline_auto\" id=\"style-css-av-l6p53fum-88c13e1fc432df193bcfad8884ec1430\">\n#top #wrap_all .avia-button.av-l6p53fum-88c13e1fc432df193bcfad8884ec1430{\nborder-style:double;\nbox-shadow: 1px 1px 1px 1px #ffffff;\ntransition:all 0.4s ease-in-out;\n}\n#top #wrap_all .avia-button.av-l6p53fum-88c13e1fc432df193bcfad8884ec1430:hover{\ncolor:white;\ntransition:all 0.4s ease-in-out;\n}\n#top #wrap_all .avia-button.av-l6p53fum-88c13e1fc432df193bcfad8884ec1430:hover .avia-svg-icon svg:first-child{\nfill:white;\nstroke:white;\n}\n<\/style>\n<a href='https:\/\/narcotics-anonymous.de\/west\/erhalte-unseren-gebiet-west-newsletter\/' class='avia-color-theme-color avia-font-color-theme-color avia-button avia-button-fullwidth av-l6p53fum-88c13e1fc432df193bcfad8884ec1430 avia-icon_select-yes-left-icon avia-color-theme-color'   aria-label=\"Gebiet West\"><span class='avia_button_icon avia_button_icon_left avia-iconfont avia-font-fontawesome5free-solid' data-av_icon='\uf0e0' data-av_iconfont='fontawesome5free-solid' ><\/span><span class='avia_iconbox_title' >Gebiet West<\/span><span class='avia_button_background avia-button avia-button-fullwidth avia-color-theme-color-highlight'><\/span><\/a><\/div><\/p><\/div><div class='av-flex-placeholder'><\/div>\n<style type=\"text\/css\" data-created_by=\"avia_inline_auto\" id=\"style-css-av-cxdavd-2-bd720b554e99b6489544e324f1f65378\">\n#top .flex_column_table.av-equal-height-column-flextable.av-cxdavd-2-bd720b554e99b6489544e324f1f65378{\nmargin-top:0px;\nmargin-bottom:0px;\n}\n.flex_column.av-cxdavd-2-bd720b554e99b6489544e324f1f65378{\nborder-width:3px;\nborder-style:solid;\nborder-radius:0px 0px 0px 0px;\npadding:10px 10px 10px 10px;\n}\n<\/style>\n<div  class='flex_column av-cxdavd-2-bd720b554e99b6489544e324f1f65378 av_one_half  avia-builder-el-12  el_after_av_one_half  avia-builder-el-last  flex_column_table_cell av-equal-height-column av-align-top av-animated-generic left-to-right  '     ><p>\n<style type=\"text\/css\" data-created_by=\"avia_inline_auto\" id=\"style-css-av-l75zv3dz-4357f1978a69392dcb76a623f82ad4df\">\n#top .av-special-heading.av-l75zv3dz-4357f1978a69392dcb76a623f82ad4df{\nmargin:0 0 0 0;\npadding-bottom:10px;\ncolor:#132655;\nfont-size:24px;\n}\nbody .av-special-heading.av-l75zv3dz-4357f1978a69392dcb76a623f82ad4df .av-special-heading-tag .heading-char{\nfont-size:25px;\n}\n#top #wrap_all .av-special-heading.av-l75zv3dz-4357f1978a69392dcb76a623f82ad4df .av-special-heading-tag{\nfont-size:24px;\n}\n.av-special-heading.av-l75zv3dz-4357f1978a69392dcb76a623f82ad4df .special-heading-inner-border{\nborder-color:#132655;\n}\n.av-special-heading.av-l75zv3dz-4357f1978a69392dcb76a623f82ad4df .av-subheading{\nfont-size:24px;\n}\n\n@media only screen and (min-width: 768px) and (max-width: 989px){ \n#top #wrap_all .av-special-heading.av-l75zv3dz-4357f1978a69392dcb76a623f82ad4df .av-special-heading-tag{\nfont-size:28px;\n}\n.av-special-heading.av-l75zv3dz-4357f1978a69392dcb76a623f82ad4df .av-subheading{\nfont-size:20px;\n}\n}\n\n@media only screen and (min-width: 480px) and (max-width: 767px){ \n#top #wrap_all .av-special-heading.av-l75zv3dz-4357f1978a69392dcb76a623f82ad4df .av-special-heading-tag{\nfont-size:24px;\n}\n.av-special-heading.av-l75zv3dz-4357f1978a69392dcb76a623f82ad4df .av-subheading{\nfont-size:16px;\n}\n}\n\n@media only screen and (max-width: 479px){ \n#top #wrap_all .av-special-heading.av-l75zv3dz-4357f1978a69392dcb76a623f82ad4df .av-special-heading-tag{\nfont-size:20px;\n}\n.av-special-heading.av-l75zv3dz-4357f1978a69392dcb76a623f82ad4df .av-subheading{\nfont-size:12px;\n}\n}\n<\/style>\n<div  id=\"headline_second_level\"  class='av-special-heading av-l75zv3dz-4357f1978a69392dcb76a623f82ad4df av-special-heading-h4 custom-color-heading blockquote modern-quote modern-centered  avia-builder-el-13  el_before_av_textblock  avia-builder-el-first  av-inherit-size'><h4 class='av-special-heading-tag '  itemprop=\"headline\"  >\u00d6ffentlichkeitsarbeit Newsletter<\/h4><div class=\"special-heading-border\"><div class=\"special-heading-inner-border\"><\/div><\/div><\/div><br \/>\n<section  class='av_textblock_section av-l7602k54-776e6611b85fa820c8d0668b9237052d '   itemscope=\"itemscope\" itemtype=\"https:\/\/schema.org\/CreativeWork\" ><div class='avia_textblock'  itemprop=\"text\" ><p style=\"text-align: center;\">Dieser Newsletter ist f\u00fcr die \u00d6ffentlichkeitsarbeit und vor allem f\u00fcr Institutionen, welche Informationen zu NA oder zum Beispiel aktuelle Meetinglisten erhalten m\u00f6chten<\/p>\n<\/div><\/section><br \/>\n<div  class='avia-button-wrap avia-button-center  avia-builder-el-15  el_after_av_textblock  avia-builder-el-last '>\n<style type=\"text\/css\" data-created_by=\"avia_inline_auto\" id=\"style-css-av-l6p51x2u-646be346d8abd4ecc2c2a4ede1281491\">\n#top #wrap_all .avia-button.av-l6p51x2u-646be346d8abd4ecc2c2a4ede1281491{\nborder-style:double;\nbox-shadow: 1px 1px 1px 1px #ffffff;\ntransition:all 0.4s ease-in-out;\n}\n#top #wrap_all .avia-button.av-l6p51x2u-646be346d8abd4ecc2c2a4ede1281491:hover{\ncolor:white;\ntransition:all 0.4s ease-in-out;\n}\n#top #wrap_all .avia-button.av-l6p51x2u-646be346d8abd4ecc2c2a4ede1281491:hover .avia-svg-icon svg:first-child{\nfill:white;\nstroke:white;\n}\n<\/style>\n<a href='https:\/\/narcotics-anonymous.de\/west\/erhalte-unseren-oa-newsletter\/' class='avia-color-theme-color avia-font-color-theme-color avia-button avia-button-fullwidth av-l6p51x2u-646be346d8abd4ecc2c2a4ede1281491 avia-icon_select-yes-left-icon avia-color-theme-color'   aria-label=\"\u00d6ffentlichkeitsarbeit\"><span class='avia_button_icon avia_button_icon_left avia-iconfont avia-font-entypo-fontello' data-av_icon='\ue805' data-av_iconfont='entypo-fontello' ><\/span><span class='avia_iconbox_title' >\u00d6ffentlichkeitsarbeit<\/span><span class='avia_button_background avia-button avia-button-fullwidth avia-color-theme-color-highlight'><\/span><\/a><\/div><\/p><\/div><\/div><!--close column table wrapper. Autoclose: 1 --><\/div><\/div><\/div><!-- close content main div --><\/div><\/div><div id='after_section_3'  class='main_color av_default_container_wrap container_wrap fullsize'  ><div class='container av-section-cont-open' ><div class='template-page content  av-content-full alpha units'><div class='post-entry post-entry-type-page post-entry-4957'><div class='entry-content-wrapper clearfix'>\n<style type=\"text\/css\" data-created_by=\"avia_inline_auto\" id=\"style-css-av-l7hu94sz-2a4c92c75f6993c5c3ea1f3a0ae0ce83\">\n#top .hr.hr-invisible.av-l7hu94sz-2a4c92c75f6993c5c3ea1f3a0ae0ce83{\nheight:200px;\n}\n<\/style>\n<div  class='hr av-l7hu94sz-2a4c92c75f6993c5c3ea1f3a0ae0ce83 hr-invisible  avia-builder-el-16  el_after_av_section  avia-builder-el-no-sibling '><span class='hr-inner '><span class=\"hr-inner-style\"><\/span><\/span><\/div><\/p>\n","protected":false},"excerpt":{"rendered":"","protected":false},"author":4,"featured_media":0,"parent":0,"menu_order":0,"comment_status":"closed","ping_status":"closed","template":"","meta":{"footnotes":""},"class_list":["post-4957","page","type-page","status-publish","hentry"],"_links":{"self":[{"href":"https:\/\/narcotics-anonymous.de\/west\/wp-json\/wp\/v2\/pages\/4957","targetHints":{"allow":["GET"]}}],"collection":[{"href":"https:\/\/narcotics-anonymous.de\/west\/wp-json\/wp\/v2\/pages"}],"about":[{"href":"https:\/\/narcotics-anonymous.de\/west\/wp-json\/wp\/v2\/types\/page"}],"author":[{"embeddable":true,"href":"https:\/\/narcotics-anonymous.de\/west\/wp-json\/wp\/v2\/users\/4"}],"replies":[{"embeddable":true,"href":"https:\/\/narcotics-anonymous.de\/west\/wp-json\/wp\/v2\/comments?post=4957"}],"version-history":[{"count":4,"href":"https:\/\/narcotics-anonymous.de\/west\/wp-json\/wp\/v2\/pages\/4957\/revisions"}],"predecessor-version":[{"id":8661,"href":"https:\/\/narcotics-anonymous.de\/west\/wp-json\/wp\/v2\/pages\/4957\/revisions\/8661"}],"wp:attachment":[{"href":"https:\/\/narcotics-anonymous.de\/west\/wp-json\/wp\/v2\/media?parent=4957"}],"curies":[{"name":"wp","href":"https:\/\/api.w.org\/{rel}","templated":true}]}}