{"id":94,"date":"2025-03-22T07:24:12","date_gmt":"2025-03-22T06:24:12","guid":{"rendered":"https:\/\/narcotics-anonymous.de\/ost\/?page_id=94"},"modified":"2025-09-28T09:25:24","modified_gmt":"2025-09-28T07:25:24","slug":"12-schritte-2","status":"publish","type":"page","link":"https:\/\/narcotics-anonymous.de\/ost\/12-schritte-2\/","title":{"rendered":"Schritte"},"content":{"rendered":"\n<style type=\"text\/css\" data-created_by=\"avia_inline_auto\" id=\"style-css-av-301sg9-5dd0bc8fffe21d0fb254500d9cd96a4f\">\n.avia-section.av-301sg9-5dd0bc8fffe21d0fb254500d9cd96a4f{\nmargin-top:0px;\nmargin-bottom:0px;\n}\n<\/style>\n<div id='av_section_1'  class='avia-section av-301sg9-5dd0bc8fffe21d0fb254500d9cd96a4f main_color avia-section-default avia-no-border-styling  avia-builder-el-0  el_before_av_textblock  avia-builder-el-first  avia-bg-style-scroll container_wrap fullsize'  ><div class='container av-section-cont-open' ><main  role=\"main\" itemprop=\"mainContentOfPage\"  class='template-page content  av-content-full alpha units'><div class='post-entry post-entry-type-page post-entry-94'><div class='entry-content-wrapper clearfix'>\n\n<style type=\"text\/css\" data-created_by=\"avia_inline_auto\" id=\"style-css-av-kx3du6z2-f9e40d67bf7180d892751fc961402ea7\">\n#top .av-special-heading.av-kx3du6z2-f9e40d67bf7180d892751fc961402ea7{\nmargin:30px 0 0 0;\npadding-bottom:0;\ncolor:#6786a1;\nfont-size:40px;\n}\nbody .av-special-heading.av-kx3du6z2-f9e40d67bf7180d892751fc961402ea7 .av-special-heading-tag .heading-char{\nfont-size:25px;\n}\n#top #wrap_all .av-special-heading.av-kx3du6z2-f9e40d67bf7180d892751fc961402ea7 .av-special-heading-tag{\nfont-size:40px;\n}\n.av-special-heading.av-kx3du6z2-f9e40d67bf7180d892751fc961402ea7 .special-heading-inner-border{\nborder-color:#6786a1;\n}\n.av-special-heading.av-kx3du6z2-f9e40d67bf7180d892751fc961402ea7 .av-subheading{\nfont-size:12px;\n}\n\n@media only screen and (min-width: 990px){ \n#top #wrap_all .av-special-heading.av-kx3du6z2-f9e40d67bf7180d892751fc961402ea7 .av-special-heading-tag{\nfont-size:34px;\n}\n}\n\n@media only screen and (min-width: 768px) and (max-width: 989px){ \n#top #wrap_all .av-special-heading.av-kx3du6z2-f9e40d67bf7180d892751fc961402ea7 .av-special-heading-tag{\nfont-size:30px;\n}\n}\n\n@media only screen and (min-width: 480px) and (max-width: 767px){ \n#top #wrap_all .av-special-heading.av-kx3du6z2-f9e40d67bf7180d892751fc961402ea7 .av-special-heading-tag{\nfont-size:28px;\n}\n}\n\n@media only screen and (max-width: 479px){ \n#top #wrap_all .av-special-heading.av-kx3du6z2-f9e40d67bf7180d892751fc961402ea7 .av-special-heading-tag{\nfont-size:24px;\n}\n}\n<\/style>\n<div  class='av-special-heading av-kx3du6z2-f9e40d67bf7180d892751fc961402ea7 av-special-heading-h2 custom-color-heading blockquote modern-quote modern-centered  avia-builder-el-1  avia-builder-el-no-sibling  farbsek_1_h3_sep av-inherit-size'><h2 class='av-special-heading-tag '  itemprop=\"headline\"  >12 Schritte<\/h2><div class='av_custom_color av-subheading av-subheading_below'><p>Das NA Programm<\/p>\n<\/div><div class=\"special-heading-border\"><div class=\"special-heading-inner-border\"><\/div><\/div><\/div>\n<\/div><\/div><\/main><!-- close content main element --><\/div><div class='av-extra-border-element border-extra-diagonal border-extra-diagonal-inverse '><div class='av-extra-border-outer'><div class='av-extra-border-inner'><\/div><\/div><\/div><\/div><div id='after_section_1'  class='main_color av_default_container_wrap container_wrap fullsize'  ><div class='container av-section-cont-open' ><div class='template-page content  av-content-full alpha units'><div class='post-entry post-entry-type-page post-entry-94'><div class='entry-content-wrapper clearfix'><section  class='av_textblock_section av-mdjwabne-f08e875f5320c3ad419879951422f5d9 '   itemscope=\"itemscope\" itemtype=\"https:\/\/schema.org\/CreativeWork\" ><div class='avia_textblock'  itemprop=\"text\" ><p>Die Zw\u00f6lf Schritte erl\u00e4utern unser Programm f\u00fcr die pers\u00f6nliche Genesung. Sie bilden den Kern der der Genesung in Narcotics Anonymous. Es sind einfache Richtlinien, die wir im Alltag anwenden k\u00f6nnen und die uns helfen, clean zu werden und zu bleiben.<\/p>\n<p>Die 12 Schritte beinhalten spirituelle Grunds\u00e4tze, mit deren Hilfe wir unser Leben aufr\u00e4umen und neu ausrichten k\u00f6nnen. Im Wortlaut kommt der Begriff \u201eGott\u201c vor; dies bezieht sich nicht auf eine Religion oder Glaubensrichtung sondern es kann hier jede*r selbst einsetzen, was f\u00fcr ihn oder sie pers\u00f6nlich passt im Sinne einer Kraft, die gr\u00f6\u00dfer ist als wir selbst.<\/p>\n<\/div><\/section><\/p>\n<div  class='flex_column av-1gj9y-932149b4e5fc71c60d69c127e42d8586 av_one_half  avia-builder-el-3  el_after_av_textblock  el_before_av_one_half  first flex_column_div  column-top-margin'     ><style type=\"text\/css\" data-created_by=\"avia_inline_auto\" id=\"style-css-av-mdjvx10g-c97eaa559ef03184e35e37c0f5451d73\">\n#top .av_textblock_section.av-mdjvx10g-c97eaa559ef03184e35e37c0f5451d73 .avia_textblock{\nfont-size:17px;\n}\n<\/style>\n<section  class='av_textblock_section av-mdjvx10g-c97eaa559ef03184e35e37c0f5451d73 '   itemscope=\"itemscope\" itemtype=\"https:\/\/schema.org\/CreativeWork\" ><div class='avia_textblock'  itemprop=\"text\" ><ol>\n<li>Wir gaben zu, da\u00df wir unserer Sucht gegen\u00fcber machtlos waren und unser Leben nicht mehr meistern konnten.<\/li>\n<li>Wir kamen zu dem Glauben, da\u00df eine Macht, gr\u00f6\u00dfer als wir selbst, unsere geistige Gesundheit wiederherstellen kann.<\/li>\n<li>Wir trafen eine Entscheidung, unseren Willen und unser Leben der F\u00fcrsorge Gottes, so wie wir Ihn verstanden, anzuvertrauen.<\/li>\n<li>Wir machten eine erforschende und furchtlose moralische Inventur von uns selbst.<\/li>\n<li>Wir gestanden Gott, uns selbst und einem anderen Menschen gegen\u00fcber die genaue Art unserer Fehler ein.<\/li>\n<li>Wir waren vorbehaltlos bereit, alle diese Charakterfehler von Gott beseitigen zu lassen.<\/li>\n<li>Dem\u00fctig baten wir Ihn, uns von diesen M\u00e4ngeln zu befreien.<\/li>\n<\/ol>\n<\/div><\/section><\/div>\n<div  class='flex_column av-12rwm-bfa42ea01cc58fa9c2418be60e658f8c av_one_half  avia-builder-el-5  el_after_av_one_half  el_before_av_hr  flex_column_div  column-top-margin'     ><style type=\"text\/css\" data-created_by=\"avia_inline_auto\" id=\"style-css-av-mdjvvyrn-39a0eeb73975dec1636eb1a37c6d30d8\">\n.avia-image-container.av-mdjvvyrn-39a0eeb73975dec1636eb1a37c6d30d8 img.avia_image{\nbox-shadow:none;\n}\n.avia-image-container.av-mdjvvyrn-39a0eeb73975dec1636eb1a37c6d30d8 .av-image-caption-overlay-center{\ncolor:#ffffff;\n}\n<\/style>\n<div  class='avia-image-container av-mdjvvyrn-39a0eeb73975dec1636eb1a37c6d30d8 av-styling- avia-align-center  avia-builder-el-6  avia-builder-el-no-sibling '   itemprop=\"image\" itemscope=\"itemscope\" itemtype=\"https:\/\/schema.org\/ImageObject\" ><div class=\"avia-image-container-inner\"><div class=\"avia-image-overlay-wrap\"><img decoding=\"async\" fetchpriority=\"high\" class='wp-image-708 avia-img-lazy-loading-not-708 avia_image ' src=\"https:\/\/narcotics-anonymous.de\/ost\/wp-content\/uploads\/sites\/29\/2025\/07\/landscape-4572804_1280-1030x728.jpg\" alt='' title='landscape-4572804_1280'  height=\"728\" width=\"1030\"  itemprop=\"thumbnailUrl\" srcset=\"https:\/\/narcotics-anonymous.de\/ost\/wp-content\/uploads\/sites\/29\/2025\/07\/landscape-4572804_1280-1030x728.jpg 1030w, https:\/\/narcotics-anonymous.de\/ost\/wp-content\/uploads\/sites\/29\/2025\/07\/landscape-4572804_1280-300x212.jpg 300w, https:\/\/narcotics-anonymous.de\/ost\/wp-content\/uploads\/sites\/29\/2025\/07\/landscape-4572804_1280-768x543.jpg 768w, https:\/\/narcotics-anonymous.de\/ost\/wp-content\/uploads\/sites\/29\/2025\/07\/landscape-4572804_1280-260x185.jpg 260w, https:\/\/narcotics-anonymous.de\/ost\/wp-content\/uploads\/sites\/29\/2025\/07\/landscape-4572804_1280-705x498.jpg 705w, https:\/\/narcotics-anonymous.de\/ost\/wp-content\/uploads\/sites\/29\/2025\/07\/landscape-4572804_1280.jpg 1280w\" sizes=\"(max-width: 1030px) 100vw, 1030px\" \/><\/div><\/div><\/div><\/div>\n\n<style type=\"text\/css\" data-created_by=\"avia_inline_auto\" id=\"style-css-av-mdjwbmnm-3a9a3388227888b9a85be5b871fc2492\">\n#top .hr.hr-invisible.av-mdjwbmnm-3a9a3388227888b9a85be5b871fc2492{\nheight:80px;\n}\n<\/style>\n<div  class='hr av-mdjwbmnm-3a9a3388227888b9a85be5b871fc2492 hr-invisible  avia-builder-el-7  el_after_av_one_half  el_before_av_one_half '><span class='hr-inner '><span class=\"hr-inner-style\"><\/span><\/span><\/div>\n<div  class='flex_column av-mdjwu80v-ac40112d3c7279c5c0c07fb42e3eb045 av_one_half  avia-builder-el-8  el_after_av_hr  el_before_av_one_half  first flex_column_div  '     ><p>\n<style type=\"text\/css\" data-created_by=\"avia_inline_auto\" id=\"style-css-av-mdjwoenb-f61844845a1c92ddf58602cd647e29ad\">\n#top .hr.hr-invisible.av-mdjwoenb-f61844845a1c92ddf58602cd647e29ad{\nheight:15px;\n}\n<\/style>\n<div  class='hr av-mdjwoenb-f61844845a1c92ddf58602cd647e29ad hr-invisible  avia-builder-el-9  el_before_av_image  avia-builder-el-first '><span class='hr-inner '><span class=\"hr-inner-style\"><\/span><\/span><\/div><br \/>\n\n<style type=\"text\/css\" data-created_by=\"avia_inline_auto\" id=\"style-css-av-mdjw4ye4-37de8e27e074f585d4c10dc79de7762a\">\n.avia-image-container.av-mdjw4ye4-37de8e27e074f585d4c10dc79de7762a img.avia_image{\nbox-shadow:none;\n}\n.avia-image-container.av-mdjw4ye4-37de8e27e074f585d4c10dc79de7762a .av-image-caption-overlay-center{\ncolor:#ffffff;\n}\n<\/style>\n<div  class='avia-image-container av-mdjw4ye4-37de8e27e074f585d4c10dc79de7762a av-styling- avia-align-center  avia-builder-el-10  el_after_av_hr  avia-builder-el-last '   itemprop=\"image\" itemscope=\"itemscope\" itemtype=\"https:\/\/schema.org\/ImageObject\" ><div class=\"avia-image-container-inner\"><div class=\"avia-image-overlay-wrap\"><img decoding=\"async\" fetchpriority=\"high\" class='wp-image-712 avia-img-lazy-loading-not-712 avia_image ' src=\"https:\/\/narcotics-anonymous.de\/ost\/wp-content\/uploads\/sites\/29\/2025\/07\/nature-3813370_1280-1030x686.jpg\" alt='' title='nature-3813370_1280'  height=\"686\" width=\"1030\"  itemprop=\"thumbnailUrl\" srcset=\"https:\/\/narcotics-anonymous.de\/ost\/wp-content\/uploads\/sites\/29\/2025\/07\/nature-3813370_1280-1030x686.jpg 1030w, https:\/\/narcotics-anonymous.de\/ost\/wp-content\/uploads\/sites\/29\/2025\/07\/nature-3813370_1280-300x200.jpg 300w, https:\/\/narcotics-anonymous.de\/ost\/wp-content\/uploads\/sites\/29\/2025\/07\/nature-3813370_1280-768x512.jpg 768w, https:\/\/narcotics-anonymous.de\/ost\/wp-content\/uploads\/sites\/29\/2025\/07\/nature-3813370_1280-705x470.jpg 705w, https:\/\/narcotics-anonymous.de\/ost\/wp-content\/uploads\/sites\/29\/2025\/07\/nature-3813370_1280.jpg 1280w\" sizes=\"(max-width: 1030px) 100vw, 1030px\" \/><\/div><\/div><\/div><\/p><\/div>\n<div  class='flex_column av-vw2e-026c534df06cb6342059471aad291e98 av_one_half  avia-builder-el-11  el_after_av_one_half  el_before_av_hr  flex_column_div  '     ><style type=\"text\/css\" data-created_by=\"avia_inline_auto\" id=\"style-css-av-mdjvzz9v-6c58dc96ad33bf136fdcc01aea437500\">\n#top .av_textblock_section.av-mdjvzz9v-6c58dc96ad33bf136fdcc01aea437500 .avia_textblock{\nfont-size:16px;\n}\n<\/style>\n<section  class='av_textblock_section av-mdjvzz9v-6c58dc96ad33bf136fdcc01aea437500 '   itemscope=\"itemscope\" itemtype=\"https:\/\/schema.org\/CreativeWork\" ><div class='avia_textblock'  itemprop=\"text\" ><p>8. Wir machten eine Liste aller Personen, denen wir Schaden zugef\u00fcgt hatten, und wurden bereit, ihn bei allen wiedergutzumachen.<\/p>\n<p>9. Wir machten bei diesen Menschen alles wieder gut, wo immer es m\u00f6glich war, es sei denn, wir h\u00e4tten dadurch sie oder andere verletzt.<\/p>\n<p>10. Wir setzten die pers\u00f6nliche Inventur fort, und wenn wir Fehler machten, gaben wir sie sofort zu.<\/p>\n<p>11. Wir suchten durch Gebet und Meditation die bewu\u00dfte Verbindung zu Gott, wie wir Ihn verstanden, zu vertiefen. Wir baten Ihn nur, uns seinen Willen erkennbar werden zu lassen und uns die Kraft zu geben, ihn auszuf\u00fchren.<\/p>\n<p>12. Nachdem wir als Ergebnis dieser Schritte ein spirituelles Erwachen erlebt hatten, versuchten wir, diese Botschaft an andere S\u00fcchtige weiterzugeben und unser t\u00e4gliches Leben nach diesen Prinzipien auszurichten.<\/p>\n<\/div><\/section><\/div>\n<div  class='hr av-u6ki-d4ca82174e4402a44a2ac8845de0bd1f hr-default  avia-builder-el-13  el_after_av_one_half  el_before_av_textblock '><span class='hr-inner '><span class=\"hr-inner-style\"><\/span><\/span><\/div>\n<section  class='av_textblock_section av-mdjwk2ce-6a77f84c592eeb764c08e8c78cd1f0f3 '   itemscope=\"itemscope\" itemtype=\"https:\/\/schema.org\/CreativeWork\" ><div class='avia_textblock'  itemprop=\"text\" ><p style=\"text-align: center\">\u00a9 Narcotics Anonymous<\/p>\n<\/div><\/section>\n","protected":false},"excerpt":{"rendered":"","protected":false},"author":127,"featured_media":0,"parent":0,"menu_order":0,"comment_status":"closed","ping_status":"closed","template":"","meta":{"footnotes":""},"class_list":["post-94","page","type-page","status-publish","hentry"],"_links":{"self":[{"href":"https:\/\/narcotics-anonymous.de\/ost\/wp-json\/wp\/v2\/pages\/94","targetHints":{"allow":["GET"]}}],"collection":[{"href":"https:\/\/narcotics-anonymous.de\/ost\/wp-json\/wp\/v2\/pages"}],"about":[{"href":"https:\/\/narcotics-anonymous.de\/ost\/wp-json\/wp\/v2\/types\/page"}],"author":[{"embeddable":true,"href":"https:\/\/narcotics-anonymous.de\/ost\/wp-json\/wp\/v2\/users\/127"}],"replies":[{"embeddable":true,"href":"https:\/\/narcotics-anonymous.de\/ost\/wp-json\/wp\/v2\/comments?post=94"}],"version-history":[{"count":32,"href":"https:\/\/narcotics-anonymous.de\/ost\/wp-json\/wp\/v2\/pages\/94\/revisions"}],"predecessor-version":[{"id":953,"href":"https:\/\/narcotics-anonymous.de\/ost\/wp-json\/wp\/v2\/pages\/94\/revisions\/953"}],"wp:attachment":[{"href":"https:\/\/narcotics-anonymous.de\/ost\/wp-json\/wp\/v2\/media?parent=94"}],"curies":[{"name":"wp","href":"https:\/\/api.w.org\/{rel}","templated":true}]}}